{"id":1504,"date":"2020-02-04T10:09:23","date_gmt":"2020-02-04T09:09:23","guid":{"rendered":"https:\/\/uldbeta.fd.cvut.cz\/?page_id=1504"},"modified":"2021-01-11T20:56:07","modified_gmt":"2021-01-11T19:56:07","slug":"doktorandi","status":"publish","type":"page","link":"https:\/\/uld.fd.cvut.cz\/index.php\/home\/doktorandi\/","title":{"rendered":"Doktorandi"},"content":{"rendered":"\n<p>N\u00ed\u017ee naleznete abecedn\u00ed seznam student\u016f doktorsk\u00e9ho studia, p\u0159i\u010dem\u017e odkaz v\u017edy vede na p\u0159\u00edslu\u0161n\u00fd profil na USERMAPu. <a href=\"https:\/\/uldbeta.fd.cvut.cz\/index.php\/ustav\/pracovnici\/\">Zam\u011bstnance naleznete zde.<\/a> <\/p>\n\n\n\n<figure class=\"wp-block-table is-style-stripes\"><table class=\"\"><thead><tr><th><\/th><th class=\"has-text-align-left\" data-align=\"left\">P\u0159\u00edjmen\u00ed, jm\u00e9no, titul(y)<\/th><th><\/th><\/tr><\/thead><tbody><tr><td><\/td><td class=\"has-text-align-left\" data-align=\"left\"><a href=\"https:\/\/usermap.cvut.cz\/profile\/d6825071-f82e-4511-8671-e8643643c7b1\" target=\"_blank\" rel=\"noreferrer noopener\" aria-label=\" (otev\u0159e se na nov\u00e9 z\u00e1lo\u017ece)\"><h5><strong>Han\u00e1kov\u00e1<\/strong>, Lenka, <em>Ing.<\/em><\/h5><\/a><\/td><td><\/td><\/tr><tr><td><\/td><td class=\"has-text-align-left\" data-align=\"left\"><a href=\"https:\/\/usermap.cvut.cz\/profile\/adf340fc-4080-4dfc-865e-0ae48fcd3607\" target=\"_blank\" rel=\"noreferrer noopener\" aria-label=\" (otev\u0159e se na nov\u00e9 z\u00e1lo\u017ece)\"><strong>Hul\u00ednsk\u00e1<\/strong>, \u0160\u00e1rka, <em>Ing.<\/em><\/a><\/td><td><\/td><\/tr><tr><td><\/td><td class=\"has-text-align-left\" data-align=\"left\"><a href=\"https:\/\/usermap.cvut.cz\/profile\/8c8ba6f7-dab4-4ac9-a5e8-11ec3a613982\" target=\"_blank\" rel=\"noreferrer noopener\" aria-label=\" (otev\u0159e se na nov\u00e9 z\u00e1lo\u017ece)\"><strong>Ka\u010deriakov\u00e1<\/strong>, Anna, <em>Ing., MSc.<\/em><\/a><\/td><td><\/td><\/tr><tr><td><\/td><td class=\"has-text-align-left\" data-align=\"left\"><a href=\"https:\/\/usermap.cvut.cz\/profile\/92e12c86-a649-4493-aa79-f3e79621d923\" target=\"_blank\" rel=\"noreferrer noopener\" aria-label=\" (otev\u0159e se na nov\u00e9 z\u00e1lo\u017ece)\"><strong>Kafkov\u00e1<\/strong>, Mark\u00e9ta, <em>Ing.<\/em><\/a><\/td><td><\/td><\/tr><tr><td><\/td><td class=\"has-text-align-left\" data-align=\"left\"><a href=\"https:\/\/usermap.cvut.cz\/profile\/c2275acf-01d6-4e2c-b84b-fd87e4a22687\" target=\"_blank\" rel=\"noreferrer noopener\" aria-label=\" (otev\u0159e se na nov\u00e9 z\u00e1lo\u017ece)\"><strong>Kamen\u00edkov\u00e1<\/strong>, Iveta, <em>Mgr.<\/em><\/a><\/td><td><\/td><\/tr><tr><td><\/td><td class=\"has-text-align-left\" data-align=\"left\"><a href=\"https:\/\/usermap.cvut.cz\/profile\/0a0944ec-f5d2-4000-a403-3602ec7e9273\" target=\"_blank\" rel=\"noreferrer noopener\" aria-label=\" (otev\u0159e se na nov\u00e9 z\u00e1lo\u017ece)\"><strong>Kleczatsk\u00fd<\/strong>, Adam, <em>Ing.<\/em><\/a><\/td><td><\/td><\/tr><tr><td><\/td><td class=\"has-text-align-left\" data-align=\"left\"><a href=\"https:\/\/usermap.cvut.cz\/profile\/1ae58c34-03f4-425e-9af3-8ca470685eed\" target=\"_blank\" rel=\"noreferrer noopener\" aria-label=\" (otev\u0159e se na nov\u00e9 z\u00e1lo\u017ece)\"><strong>Ku\u0161m\u00edrek<\/strong>, Stanislav,<em> Ing.<\/em><\/a><\/td><td><\/td><\/tr><tr><td><\/td><td class=\"has-text-align-left\" data-align=\"left\"><a href=\"https:\/\/usermap.cvut.cz\/profile\/1b728701-06df-4c4b-9cde-c33a2401c27f\" target=\"_blank\" rel=\"noreferrer noopener\" aria-label=\" (otev\u0159e se na nov\u00e9 z\u00e1lo\u017ece)\"><strong>L\u00e1n<\/strong>, S\u00e9bastien, <em>Ing.<\/em><\/a><\/td><td><\/td><\/tr><tr><td><\/td><td class=\"has-text-align-left\" data-align=\"left\"><a href=\"https:\/\/usermap.cvut.cz\/profile\/8538197a-3266-4d72-8000-dde399518c92\" target=\"_blank\" rel=\"noreferrer noopener\" aria-label=\" (otev\u0159e se na nov\u00e9 z\u00e1lo\u017ece)\"><strong>Luke\u0161<\/strong>, Petr,<em> Ing.<\/em><\/a><\/td><td><\/td><\/tr><tr><td><\/td><td class=\"has-text-align-left\" data-align=\"left\"><a href=\"https:\/\/usermap.cvut.cz\/profile\/3a921be4-7f6f-4dce-875d-b010fbeba40e\" target=\"_blank\" rel=\"noreferrer noopener\" aria-label=\" (otev\u0159e se na nov\u00e9 z\u00e1lo\u017ece)\"><strong>Malich<\/strong>, Tom\u00e1\u0161, <em>Ing.<\/em><\/a><\/td><td><\/td><\/tr><tr><td><\/td><td class=\"has-text-align-left\" data-align=\"left\"><a href=\"https:\/\/usermap.cvut.cz\/profile\/d6bdafd9-7be7-4e4c-86e2-1381cc852d8f\" target=\"_blank\" rel=\"noreferrer noopener\" aria-label=\" (otev\u0159e se na nov\u00e9 z\u00e1lo\u017ece)\"><strong>Mat\u011bjka<\/strong>, Luk\u00e1\u0161, <em>Ing.<\/em><\/a><\/td><td><\/td><\/tr><tr><td><\/td><td class=\"has-text-align-left\" data-align=\"left\"><a href=\"https:\/\/usermap.cvut.cz\/profile\/cb6dc5a6-cd3f-4bfc-8808-b335ac0df840\" target=\"_blank\" rel=\"noreferrer noopener\" aria-label=\" (otev\u0159e se na nov\u00e9 z\u00e1lo\u017ece)\"><strong>Olexa<\/strong>, Peter,<em> Ing.<\/em><\/a><\/td><td><\/td><\/tr><tr><td><\/td><td class=\"has-text-align-left\" data-align=\"left\"><a href=\"https:\/\/usermap.cvut.cz\/profile\/1234c32f-8c59-40a3-a6d2-5d6284f9c540\" target=\"_blank\" rel=\"noreferrer noopener\" aria-label=\" (otev\u0159e se na nov\u00e9 z\u00e1lo\u017ece)\"><strong>\u0160erlov\u00e1<\/strong>, Michaela,<em> Ing.<\/em><\/a><\/td><td><\/td><\/tr><tr><td><\/td><td class=\"has-text-align-left\" data-align=\"left\"><a href=\"https:\/\/usermap.cvut.cz\/profile\/f132071a-1ebc-4f84-987d-108888918556\" target=\"_blank\" rel=\"noreferrer noopener\" aria-label=\" (otev\u0159e se na nov\u00e9 z\u00e1lo\u017ece)\"><strong>\u0160tumbauer<\/strong>, Old\u0159ich, <em>Ing.<\/em><\/a><\/td><td><\/td><\/tr><tr><td><\/td><td class=\"has-text-align-left\" data-align=\"left\"><a href=\"https:\/\/usermap.cvut.cz\/profile\/db31706e-b4f7-478b-bf51-9147c7187008\" target=\"_blank\" rel=\"noreferrer noopener\" aria-label=\" (otev\u0159e se na nov\u00e9 z\u00e1lo\u017ece)\"><strong>Topkov\u00e1<\/strong>, Tereza, <em>Ing.<\/em><\/a><\/td><td><\/td><\/tr><tr><td><\/td><td class=\"has-text-align-left\" data-align=\"left\"><a href=\"https:\/\/usermap.cvut.cz\/profile\/4465914b-2ca8-478c-86bb-3fc73e3ba7bb\" target=\"_blank\" rel=\"noreferrer noopener\" aria-label=\" (otev\u0159e se na nov\u00e9 z\u00e1lo\u017ece)\"><strong>Tsykina<\/strong>, Tatiana<\/a><\/td><td><\/td><\/tr><tr><td><\/td><td class=\"has-text-align-left\" data-align=\"left\"><a href=\"https:\/\/usermap.cvut.cz\/profile\/609d7c0e-34b0-4511-ac2e-3894f62360d9\" target=\"_blank\" rel=\"noreferrer noopener\" aria-label=\" (otev\u0159e se na nov\u00e9 z\u00e1lo\u017ece)\"><strong>Van Den Bergh<\/strong>, Sarah, <em>Ing.<\/em><\/a><\/td><\/tr><\/tbody><\/table><\/figure>\n","protected":false},"excerpt":{"rendered":"<p>N\u00ed\u017ee naleznete abecedn\u00ed seznam student\u016f doktorsk\u00e9ho studia, p\u0159i\u010dem\u017e odkaz v\u017edy vede na p\u0159\u00edslu\u0161n\u00fd profil na USERMAPu. Zam\u011bstnance naleznete zde. P\u0159\u00edjmen\u00ed, jm\u00e9no, titul(y) Han\u00e1kov\u00e1, Lenka, Ing. Hul\u00ednsk\u00e1, \u0160\u00e1rka, Ing. Ka\u010deriakov\u00e1, Anna, Ing., MSc. Kafkov\u00e1, Mark\u00e9ta, Ing. Kamen\u00edkov\u00e1, Iveta, Mgr. Kleczatsk\u00fd, Adam, Ing. Ku\u0161m\u00edrek, Stanislav, Ing. L\u00e1n, S\u00e9bastien, Ing. Luke\u0161, Petr, Ing. Malich, Tom\u00e1\u0161, Ing. Mat\u011bjka, Luk\u00e1\u0161,&#8230;<\/p>\n","protected":false},"author":1,"featured_media":0,"parent":24,"menu_order":0,"comment_status":"closed","ping_status":"closed","template":"","meta":{"zakra_page_container_layout":"customizer","zakra_page_sidebar_layout":"customizer","zakra_remove_content_margin":false,"zakra_sidebar":"customizer","zakra_transparent_header":"customizer","zakra_logo":0,"zakra_main_header_style":"default","zakra_menu_item_color":"","zakra_menu_item_hover_color":"","zakra_menu_item_active_color":"","zakra_menu_active_style":"","zakra_page_header":true,"footnotes":""},"class_list":["post-1504","page","type-page","status-publish","hentry"],"_links":{"self":[{"href":"https:\/\/uld.fd.cvut.cz\/index.php\/wp-json\/wp\/v2\/pages\/1504","targetHints":{"allow":["GET"]}}],"collection":[{"href":"https:\/\/uld.fd.cvut.cz\/index.php\/wp-json\/wp\/v2\/pages"}],"about":[{"href":"https:\/\/uld.fd.cvut.cz\/index.php\/wp-json\/wp\/v2\/types\/page"}],"author":[{"embeddable":true,"href":"https:\/\/uld.fd.cvut.cz\/index.php\/wp-json\/wp\/v2\/users\/1"}],"replies":[{"embeddable":true,"href":"https:\/\/uld.fd.cvut.cz\/index.php\/wp-json\/wp\/v2\/comments?post=1504"}],"version-history":[{"count":3,"href":"https:\/\/uld.fd.cvut.cz\/index.php\/wp-json\/wp\/v2\/pages\/1504\/revisions"}],"predecessor-version":[{"id":1510,"href":"https:\/\/uld.fd.cvut.cz\/index.php\/wp-json\/wp\/v2\/pages\/1504\/revisions\/1510"}],"up":[{"embeddable":true,"href":"https:\/\/uld.fd.cvut.cz\/index.php\/wp-json\/wp\/v2\/pages\/24"}],"wp:attachment":[{"href":"https:\/\/uld.fd.cvut.cz\/index.php\/wp-json\/wp\/v2\/media?parent=1504"}],"curies":[{"name":"wp","href":"https:\/\/api.w.org\/{rel}","templated":true}]}}